 183*j - 95*j - 86*j + 5*j**2. Calculate the remainder when i(-3) is divided by b.
9
Let r(o) = -o**2 + 41*o - 196. What is the remainder when 697 is divided by r(6)?
11
Let m(j) be the third derivative of j**6/120 - j**5/5 + 2*j**3 + j**2 + 627. Suppose 3*x - 17 - 19 = 0. Calculate the remainder when 129 is divided by m(x).
9
Let a be (-3 - 7/(-1)) + 0. Suppose -5*g + 10 = -15, -2*g - 2794 = -a*v. Calculate the remainder when v is divided by 26.
25
Let t(w) = 15*w - 125. Let b be (-83)/(-9) - (-6)/(-27). Suppose d - 56 = -4*x + 41, 2*x = -4*d + 66. Calculate the remainder when x is divided by t(b).
3
Suppose -577*y + 961 = -2501. Suppose 4*b + 5*s = 20, 2*s = 6*s. What is the remainder when y is divided by b?
1
Let r = -7667 + 8194. What is the remainder when r is divided by 249?
29
Let x = 54 - 40. Let o = 61 - 33. Let w = 67 - o. What is the remainder when w is divided by x?
11
Let g = -270 + 161. Let b = 143 + g. Calculate the remainder when 98 is divided by b.
30
Let b(s) = s**2 - 3*s - 10. Let m be (-310)/110 + -3 - 2/11. What is the remainder when 348 is divided by b(m)?
40
Let j = 154 - 187. Let h(r) = r**3 + 34*r**2 + 31*r + 23. Calculate the remainder when h(j) is divided by 16.
9
Suppose 0 = -59*p + 71*p - 169536. What is the remainder when p is divided by 13?
10
Suppose 5*n = z + 26, -6*n + 2*n + 2*z + 22 = 0. Suppose -n*d = 3*b - 2*b - 48, 4*b - 312 = 4*d. Calculate the remainder when b is divided by 38.
35
Suppose 815 = g - y, -37*y - 1600 = -2*g - 40*y. What is the remainder when g is divided by 10?
9
Suppose -4*k - 4*c = 1 - 25, -k + 21 = 4*c. What is the remainder when -4*1 - k*(-80 + -5) is divided by 21?
18
Let c(w) = -w**3 - 5*w**2 + 12*w + 82. Suppose -4*b = 2*n - 594, -4*b - 3*n + 169 + 422 = 0. Calculate the remainder when b is divided by c(-5).
18
Calculate the remainder when 14878 is divided by (99 - (-21 + 56))*(-5)/(-4).
78
Let q(n) = 26*n - 667. Let v be 63/6*4/3. Calculate the remainder when v - (-2 + -1 + 1) is divided by q(26).
7
Let s be (-1 - -2)/(-1) + 22. Suppose 0 = -4*f + 55 + s. Let k = 39568 - 39513. Calculate the remainder when k is divided by f.
17
Let n = 2153 + -1989. Calculate the remainder when 1136 is divided by n.
152
Calculate the remainder when 218 is divided by (-324 + 424)/((-5)/(-6)).
98
Let y be (-1 - -1 - 0)/((-12)/3). Suppose q + 2*q - 5*n - 773 = y, -n - 781 = -3*q. Suppose 12*v - 315 - q = 0. Calculate the remainder when v is divided by 13.
9
Let r(m) = -2*m + 1. Let g be r(-2). Suppose 6*b - 3*d = 2*b + 45, g*b + 5*d = 65. What is the remainder when b is divided by 48/24*(-70)/(-28)?
2
Let a(w) = 3*w**2 - 14. Let i be a(0). Let l(t) = -2*t**2 - 22*t + 91. What is the remainder when 18 is divided by l(i)?
4
What is the remainder when 72 is divided by 10461/634 + 0 + 1/(-2)?
8
Calculate the remainder when 2/(-2)*(-11)/22*226 is divided by (-3 + 2)*(1 + 220/(-5)).
27
Let g = 6654 + -6057. Calculate the remainder when g is divided by 279.
39
Suppose 5*k + 5*n - 810 = 0, k - 21*n + 18*n = 134. Let d(f) = 2*f**2 + 3*f - 2. What is the remainder when k is divided by d(2)?
11
Calculate the remainder when 11395 is divided by (5 - 28/4) + (6 - -83).
85
Let y(j) = -j**2 + 18*j - 18. Let c be 312/30 - (-12)/20. What is the remainder when y(c) is divided by 35?
24
Calculate the remainder when (3 + -13)/((-3546)/441 - -8) is divided by 74.
23
Let s = 25 + -23. Let n be (-5 + 25/5)/s. Suppose 14*q - 37 - 89 = n. What is the remainder when 50 is divided by q?
5
Calculate the remainder when (-842)/(-6) + (-1)/3 is divided by 5596/(-30778)*(-2 - 196).
32
Let p(b) = -b**2 + 172*b + 3033. What is the remainder when p(-16) is divided by 22?
3
Let p = -2490 + 3721. Calculate the remainder when p is divided by 28.
27
Let l(v) = 3*v + 5. Let s be l(-6). Let d = 25 + s. Let j = 26384 + -26329. What is the remainder when j is divided by d?
7
Suppose 5*r + 5*u = 35, -13*u + 18*u = -15. Calculate the remainder when 209 is divided by r.
9
Let t = 210 - 105. Let a = 31694 + -31667. Calculate the remainder when t is divided by a.
24
Let b = -957 - -965. Let x(a) = 6*a**2 - 1. Let k be x(1). Suppose -5*r + 250 = 5*o, 259 = k*o - b*r + 4*r. What is the remainder when o is divided by 27?
24
Suppose 0 = 160*i + 71*i - 48*i - 2013. What is the remainder when (-438)/4*4/(-6) is divided by i?
7
Let y(z) = z**3 - 2*z**2 + 2*z + 52. Let u be y(0). Let d = 38 - u. What is the remainder when 2*1/d + (-351)/(-7) is divided by 17?
16
Let w(p) = -p**2 - 7*p - 19. Let l be w(-3). Calculate the remainder when 152 is divided by (-25)/(-1 + -4) - l.
8
Calculate the remainder when 148 is divided by 429/9 - (-12)/36.
4
Let t = 1 + 19. Suppose -6*a = -2*a + 1040. Let s = a - -316. What is the remainder when s is divided by t?
16
Let m(u) = 5*u**2 - u - 1. Let a be m(2). Let c = 183 + -181. Suppose -h + 19 = c*g, 5*h = 2*g - 20 - a. What is the remainder when 41 is divided by g?
8
Suppose t + 4*t = 5*d - 4035, -3*t = -d + 797. Suppose 35 = 7*n + d. Let p = n - -137. What is the remainder when 50 is divided by p?
24
Suppose -3*p - 3*i - 53 = -4*p, 104 = 3*p + 2*i. Suppose 12*m + 0 + 12 = 0. Let x(d) = -3*d + 8. Calculate the remainder when p is divided by x(m).
5
Let n(u) = 72*u**2 - 99*u - 102. What is the remainder when 289 is divided by n(-1)?
13
Let a = -84 + 82. Let w be -1 + 0 + (a - -8). Suppose 5*o = -5*t + 110, -4*o - 8 - 102 = -w*t. Calculate the remainder when 61 is divided by t.
17
Let b = -100616 + 100655. Calculate the remainder when b is divided by 7 + (-3)/(3/(-2)).
3
Let c = 2034 - 1219. Calculate the remainder when c is divided by 24.
23
Let a(x) = 143*x + 1016. What is the remainder when 7708 is divided by a(-7)?
13
Let v = -7040 + 7091. What is the remainder when 415 is divided by v?
7
Let y(n) = -n**3 - 10*n**2 - 11*n - 18. Let k be y(-6). Let v = 281 + k. What is the remainder when v is divided by 31?
30
Let y = -261506 - -261509. Suppose -2*s = -2*d + 2*s + 42, 5*s + 39 = 2*d. Calculate the remainder when d is divided by y.
0
Let c = -21326 + 21389. Suppose 48 + 3 = 3*w. What is the remainder when c is divided by w?
12
Suppose 14*t + 4836 = 2*t. Let y(z) = -z**3 + 14*z**2 + 3*z + 3. Calculate the remainder when y(14) is divided by t/(-31) + 6/(1*2).
13
Suppose 36 = u - 17. Let f(k) = 374*k - 9294. Calculate the remainder when f(25) is divided by u.
3
Let x be 2/(((-1)/(-3))/(11 + -65)). Let j = -299 - x. Let g(v) = 15*v - 1. Calculate the remainder when j is divided by g(1).
11
Suppose -4*s + 1636 = 3*l, 37*l + s + 1076 = 39*l. Let i = -469 + l. Calculate the remainder when 778 is divided by i.
68
Let x = 3627 - 3560. What is the remainder when 1865 is divided by x?
56
Let c(u) = 9*u**2 + 274*u - 13. Calculate the remainder when c(-33) is divided by 27.
17
Suppose -2*f + 4*f = 8. Let m = 11 - f. Suppose -2*b - 3*u + 6*u - 16 = 0, -4*b - u = -38. Calculate the remainder when b is divided by m.
0
Let p(v) be the third derivative of v**4/12 + 19*v**3/6 - 9*v**2. Let d be p(-8). Suppose 186 = -i + d*i. What is the remainder when i is divided by 24?
21
Let p = -282 - -456. What is the remainder when p is divided by (2/(-9))/(((-51610)/(-18720))/(-397))?
14
Let i be -34*(2 - 3/2). Suppose 75 = 3*m + 2*y, 2*m + 118 = 7*m + y. Let h = m + i. Calculate the remainder when 21 is divided by h.
3
Let j be (-91)/(-3) - 12/27*3. Let t(a) = -a**3 + 31*a**2 - 55*a - 72. Calculate the remainder when 131 is divided by t(j).
11
Let v = 2 + 1. What is the remainder when v is divided by (8/((-160)/36))/(24/(-40))?
0
Suppose u = -4, 5*q + 59 = -4*u + 3*u. Calculate the remainder when 68 is divided by (40 + 2)*q/(-66).
5
Suppose 17*m = 13*m + 8. Suppose -5*s = -d + m, 4*s = -d - 2*d + 44. Calculate the remainder when 43 is divided by d.
7
Suppose -4*v + 50 = 2*s - 36, 4*v = 4*s + 56. Suppose 0 = 10*g - v - 41. What is the remainder when 21 is divided by 38/g - 2/6*1?
3
Suppose -50 - 94 = -4*x - 4*h, x - 32 = 3*h. Let i = 40 - -52. What is the remainder when i is divided by x?
22
Let d(a) = -16*a + 0*a + 3*a**2 + 8 + 2*a + 3*a**2. Calculate the remainder when d(4) is divided by 25.
23
Suppose 35677 = -49*x + 93497. What is the remainder when x is divided by 38?
2
Suppose -304 = -120*x + 112*x. What is the remainder when 229 is divided b